t) = 2*t - 24. Let j be a(12). Suppose j*m + 7 = -m. What are the prime factors of n(m)?
59
Let a = 6 - 5. Let r = 1 + a. What are the prime factors of (-84)/15*(-5)/r?
2, 7
Let y(f) = -f**3 + 7*f**2 + 2. Let r be y(7). Suppose 7*u - r*u + 3*g - 234 = 0, -5*u + 216 = -3*g. What are the prime factors of u?
3, 5
Let n(j) = 3*j - 17. Let b be n(7). Suppose -b = -f + 17. What are the prime factors of 96/18*f/2?
2, 7
Let i(r) = 482*r + 3. Let m be i(12). Let u be 2/3 + m/27. Suppose -8*b + 3*b + u = 0. What are the prime factors of b?
43
Let l be (2/(-3))/((-2)/6). Let f(m) = -3 - 13*m - 3*m**l + 3*m**2 + 4*m**2 - 5*m**2. What are the prime factors of f(-9)?
3, 11
Let k = -154 - -162. Let y(h) be the first derivative of -h**3/3 + 5*h**2 - 2*h + 2. List the prime factors of y(k).
2, 7
Let d(v) = 0*v**2 - 2*v - 2*v**2 + 4*v + 16 + v**2. What are the prime factors of d(0)?
2
Let i be 1/(-3)*1 + (-16104)/(-198). Let b = 147 - i. List the prime factors of b.
2, 3, 11
Let a(r) = -321*r - 187. What are the prime factors of a(-7)?
2, 5, 103
Let s = 236 - -10. Let k = 350 - s. What are the prime factors of k?
2, 13
Let j be 2 - (-4 + 8)/(-2). Suppose j*b = -3*s + 175, 4*s + b = -0*s + 216. List the prime factors of s.
53
Suppose -13*b - 745 = -18*b. What are the prime factors of b?
149
Let x(c) = -c**2 + c. Let a be x(0). Suppose -2*f + 8 = -a*f. Suppose -51 = -3*y + m + 3, 0 = 4*y + f*m - 56. What are the prime factors of y?
17
Let r be 5/((6/(-3))/(-2)). Suppose a + 22 = r*z + 5*a, 3*z - 18 = -4*a. List the prime factors of z.
2
Let d = 2549 - 1205. What are the prime factors of d?
2, 3, 7
Let y be 10*1/5*-4. Let z be 2 + y/(3 - -1). Suppose z = -2*q - 3*q + 150. List the prime factors of q.
2, 3, 5
Let x be 0 + (-1)/(2/(-4)). Suppose z - x*o = 12, -4*z - 5*o = -4*o - 93. List the prime factors of z.
2, 11
Suppose 5*b + 25 = t - 0*b, 3*t + 4*b = -1. Suppose 0 = -t*r + 5*s + 145, 5*r + 0*s - 105 = -3*s. What are the prime factors of r?
2, 3
List the prime factors of (-9)/(-3)*-1 + 12 + 315.
2, 3
Suppose 5*z + o = 9675, 3867 = 2*z + 7*o - 6*o. What are the prime factors of z?
2, 11
Let u(z) = 56*z**2 - 9*z + 14. Let h be u(2). Suppose p = -2*s + h + 199, s + p - 209 = 0. List the prime factors of s.
2, 3, 5, 7
Suppose 0 = -152*k + 147*k + 2030. What are the prime factors of k?
2, 7, 29
Let i(u) = -33*u + 2. Let y = -17 + 23. Suppose 5*r + y = 1. List the prime factors of i(r).
5, 7
Let h(n) be the first derivative of 11*n**2/2 + 17*n - 14. List the prime factors of h(8).
3, 5, 7
Suppose -8*r = 2087 - 10679. What are the prime factors of r?
2, 3, 179
Let q = 555 - 538. Let i(u) = u**3 - 2*u + 1. Let m be i(-2). What are the prime factors of 4/12 - q/m?
2, 3
Suppose -5*u = -91 - 64. Let b = u + -5. Let q = -13 + b. List the prime factors of q.
13
Let y be 8/36 + 583/9. Suppose x + g = y, -5*x - 2*g + 295 = -7*g. What are the prime factors of x?
2, 31
Let d = -130 + 248. What are the prime factors of (-18)/(-4) + (-24)/16 + d?
11
Suppose 40*f + 20826 = 46*f. List the prime factors of f.
3, 13, 89
What are the prime factors of (100548/(-81) + -15)/(1/(-3))?
3769
Suppose 6 + 54 = 2*j. Suppose 4*b + j = 2*b. What are the prime factors of (-4)/6 - 790/b?
2, 13
Let n = 71 - 74. List the prime factors of 1*4/n*-126.
2, 3, 7
Let g(u) = -2. Let a(m) = 2*m - 24. Let z(q) = -2*a(q) + 12*g(q). List the prime factors of z(-11).
2, 17
Suppose -4*i = 3*l + 7, 3*l = 5*i + 4*l - 5. Suppose -4*t = 4*v - 768, -3*t + 204 = -i*t + 5*v. What are the prime factors of t?
3, 7
List the prime factors of (154/56)/(4 - (-4220)/(-1056)).
2, 3, 11
Suppose -25*l + 21*l = 8. List the prime factors of 0 - -16 - (-1 + 3 + l).
2
Suppose -45*s = -42*s - 4*u - 10918, 0 = 2*s + 3*u - 7256. What are the prime factors of s?
2, 23, 79
Let y(m) = 0 + 10*m + 3 + 3*m**2 + 0 - 2. List the prime factors of y(-7).
2, 3, 13
Let r(t) = t**3 - 7*t**2 - 8*t + 7. Suppose 2*z + z = a + 11, 5*a + 10 = 0. Suppose -2*k = z*k - 40. List the prime factors of r(k).
7
Let w(a) = 1. Let q(i) = 3*i + 24. Let f(y) = q(y) + 2*w(y). List the prime factors of f(-6).
2
Let m be (246*4)/(-8)*1/(-3). Let x = 89 + m. What are the prime factors of x?
2, 5, 13
Suppose w - 7 = -2. Suppose -w*z + 8 = -z. Suppose 0 = -5*d - 4*u + z, -2*u = -4*d - 1 + 13. List the prime factors of d.
2
Suppose 0 = 2*h - 6*h + 440. Suppose -3*l + h = 2*n, -4*n = -n - 4*l - 182. What are the prime factors of n?
2, 29
Let x(j) = 17*j + 58. Let m be x(18). Suppose -186*p + 190*p = m. List the prime factors of p.
7, 13
List the prime factors of (-120673)/(-91) + (-3)/39.
2, 3, 13, 17
Let m = 1939 + -1329. Suppose 3*h = t + 75 + 274, -5*h = 4*t - m. What are the prime factors of h?
2, 59
Let z = -33 + 15. Let j = 47 + z. What are the prime factors of j?
29
Suppose 11*c + 2631 = -1208. What are the prime factors of (c*1 - -1)*(-80)/120?
2, 29
Let m(a) = 6*a**3 - 3*a**2 + 1. Let n be m(2). Suppose -4*q + 4*c = -48, -5*q + c = -19 - n. Let g = q - 8. What are the prime factors of g?
3
Suppose -62*x = -61*x - 843. List the prime factors of x.
3, 281
Suppose 0 = 67*d - 47*d - 56460. What are the prime factors of d?
3, 941
Suppose 0 = -39*q + 32273 + 5713. List the prime factors of q.
2, 487
Suppose -8*m + 11214 + 3986 = 0. List the prime factors of m.
2, 5, 19
Suppose -196368 = -298*t + 250*t. List the prime factors of t.
4091
Suppose 0 = -2*h + 2, 3*s - 4*h - 17 + 60 = 0. Let c = 17 + s. Suppose 3*q - c*q = -46. What are the prime factors of q?
2, 23
List the prime factors of -22*(-234)/(-27)*6/(-2).
2, 11, 13
Suppose -35 = 49*g - 56*g. Suppose 3*r - 289 - 212 = 0. Suppose 0 = -3*p - 2*d + 51, 0 = -g*p + 3*d - 63 + r. List the prime factors of p.
19
Let b(t) = 11 + 2*t - 4*t + t + 2*t. Suppose 2*l + 2*k = -26, 3*l - 2*k + 19 = -0*l. List the prime factors of b(l).
2
Suppose -4*u = -5*o + 2867, 4 = 9*u - 7*u. List the prime factors of o.
5, 23
Let y(f) = 345*f**2 - 4*f + 6. List the prime factors of y(-2).
2, 17, 41
Let a = -39 - -36. List the prime factors of 2/(-6)*(-1 + (a - 254)).
2, 43
Let p be (-18)/4*(-19 - -3). Suppose -j - k = -p, -5*j - 2*k + 248 + 109 = 0. List the prime factors of j.
71
Let l be -4 + (-1045)/(-15) + 1/3. Let i = 0 + l. List the prime factors of i.
2, 3, 11
Suppose 2695 = 42*c - 37*c. What are the prime factors of c?
7, 11
Let b = 10640 + -6192. List the prime factors of b.
2, 139
Let d(y) = 1 + 6 + y**2 + 2*y**2 - 3*y - 3*y**3 + 2. Let u(q) = 2*q**3 - 2*q**2 + q - 5. Let h(b) = 3*d(b) + 5*u(b). What are the prime factors of h(3)?
2
Suppose 1090 = 4*p - 5*h, -4*h + 802 = 3*p - 0*p. What are the prime factors of p?
2, 3, 5
Suppose -4*a - 2*h = 8 + 76, -h - 4 = 0. Let k = a + 38. Suppose -v = 3*x - k, -4*v + 4 = 2*x - 12. What are the prime factors of x?
2, 3
Let d(g) = -14*g + 89. Let w be d(7). What are the prime factors of ((-12)/w)/((-13)/(-312))?
2
Let o = 52 - 16. Suppose -j = -3*r + o, 0 = r - 5*j - 19 - 7. Suppose h - r = 19. What are the prime factors of h?
2, 3, 5
Suppose -12*w = -181 + 73. Suppose -11*t + 150 = -w*t. List the prime factors of t.
3, 5
Suppose 5*r + 3*s - 1 = 18, r = -2*s + 8. Let u = -356 + 358. Suppose 5*t = -2*z - u*z + 40, 13 = z + r*t. List the prime factors of z.
5
Suppose -l = 4*l - 15. Let t(j) = -17*j**3 + 16*j**l + 0*j - 3*j - 11 - 12*j**2. List the prime factors of t(-12).
5
Let w(z) = -9*z - 3. Let c be w(-1). Suppose -3*t - c = -5*t. List the prime factors of t.
3
Let z(b) = 120*b - 55. List the prime factors of z(7).
5, 157
What are the prime factors of 5 + 3 + (-4 - -1) + 1378?
3, 461
Let f be 16 - (2 - 2)/(-3). Suppose 0 = 2*h - 4*h + f. What are the prime factors of 146/h + 15/20?
19
Suppose -u + 5 = 3. Suppose -w = -15 - u. Suppose 1 - w = -2*v. List the prime factors of v.
2
Suppose -w = -0*w + 32. Let d be (w/(-4))/(1/7). Suppose 76 = 4*v - d. What are the prime factors of v?
3, 11
Let o be 8/2*13/2. Let v(u) = -u**3 - u**2 + u + 1. Let d be v(-2). Suppose -o = -d*w + w. What are the prime factors of w?
13
Let t = -214 + 275. List the prime factors of t.
61
Let n(b) = 2*b + 16. Let f be n(-8). Suppose 2*r + w - 127 = 0, -4*r + 2*w + 360 - 126 = f. What are the prime factors of r?
61
Let p(q) = -q**3 - 19*q**2 - 25*q - 16. Let i be p(-17). Let l = i - -241. What are the prime factors of